).
7
Let m = -7 + 22. Suppose 0 = -q + 6*q - m. Let f = 13 + -9. What is the remainder when f is divided by q?
1
Suppose -4*l + 111 = -5. Calculate the remainder when l is divided by 15.
14
Let j be -3 + -14*(-1)/2. Suppose 0 = 4*p - 3*g - j - 6, -p + 5 = -2*g. Let i = 15 + p. What is the remainder when i is divided by 6?
4
Let h = 89 - 82. Let f(j) = -3*j. Calculate the remainder when f(-6) is divided by h.
4
What is the remainder when 93 is divided by 5 + -2 + (15 - -14)?
29
Suppose 14 = 4*u + 6. Suppose u*q - 24 = -q. Let t = 9 - -5. What is the remainder when t is divided by q?
6
Let k(o) be the first derivative of -o**2 - 6*o + 2. What is the remainder when k(-6) is divided by 4?
2
Let t(i) = i**3 - i**2 - i + 9. Let v be t(0). Suppose -3*p = w + v, p = -3*w - 13 + 2. What is the remainder when p/(-7) + (-477)/(-21) is divided by 12?
11
Suppose 3*a - 21 = 21. What is the remainder when 3 is divided by (-4)/10 - a/(-10)?
0
Suppose 3*h - 5*j - 17 - 10 = 0, -71 = -4*h - 5*j. Calculate the remainder when 55 is divided by h.
13
Suppose -5*r + 6 = -3*o, 3*r + o + o = 15. What is the remainder when 12 is divided by r?
0
Let k = -64 - -70. What is the remainder when 9 is divided by k?
3
Let x(l) = l**3 + 10*l**2 - 12*l + 2. Let o be x(-11). Suppose 0 = -3*t - j + o + 29, -4*t + 2*j = -46. Calculate the remainder when t is divided by 5.
3
Let y be (-6)/21 - (-338)/7. What is the remainder when y/2 + 1*-2 is divided by 12?
10
Let h = 109 + -77. Calculate the remainder when h is divided by 20.
12
Let i = 71 + -45. What is the remainder when i is divided by 9?
8
Let q = 3 + -3. Let s(a) = q*a + 3*a + 0*a. What is the remainder when 52 is divided by s(6)?
16
Suppose 10 = 2*y, 2*p + y + 56 = -71. Let d = 93 + p. What is the remainder when d is divided by 14?
13
Let c = 138 + -27. Calculate the remainder when c is divided by 28.
27
Let t(r) = r**2 + 4*r + 4. Let n be -3 + 4 - (8 - 0). Calculate the remainder when t(n) is divided by 9.
7
Calculate the remainder when (-1)/2 + (-303)/(-2) is divided by 38.
37
Let c(r) = 12*r**2 - 5*r + 8. Calculate the remainder when c(-5) is divided by 28.
25
Let g = 20 - 16. Suppose 2*s = 2*q + 3*s - 10, -4*q = -2*s - 4. Suppose 34 = q*h + 4. Calculate the remainder when h is divided by g.
2
Suppose -5*k + 35 = -n, n = 6*n - 3*k + 87. Let f = n - -36. Calculate the remainder when f is divided by 6.
3
Let f be 3 + 1/(-1) + -2. Suppose -5*s - 4*z + 107 - 37 = f, 67 = 4*s + z. What is the remainder when 35 is divided by s?
17
Suppose -2*r = -4*p + 22, 2*r + 7 = 3*p - 4*p. Suppose 0*n - n = 5*w - 12, 10 = 2*w + p*n. What is the remainder when 35/w + (-1)/2 is divided by 9?
8
Suppose -3*m = 30 + 141. What is the remainder when 5 + (1 - 4) - m is divided by 15?
14
Let k(z) = -z**3 + 5*z**2 + 9*z + 10. Let q(d) = d**2 + d + 19. Calculate the remainder when k(5) is divided by q(0).
17
Let t be -363 + 0 - (-2 - -2). Let m be t/(-12) + (-1)/4. Suppose -m = -c - 2*c. What is the remainder when 28 is divided by c?
8
Let g be 2*1/(3/6). Suppose -5*m - g*d - 84 = -597, 204 = 2*m + d. What is the remainder when m/9 + 6/(-27) is divided by 7?
4
Suppose 5*m - 5*d - 30 = 0, 2*m - 7*m + 4*d + 28 = 0. Suppose -9*n = -5*n - 16. Let q(h) = h - 2. Calculate the remainder when m is divided by q(n).
0
Suppose s - 14 = -5. Calculate the remainder when s is divided by 6.
3
Suppose -4*t - 4*f = -100, -5*t = -2*t + 2*f - 77. Calculate the remainder when t is divided by 14.
13
Suppose -2*t + 3 = t. Let d = 34 - 32. What is the remainder when d is divided by t?
0
Suppose -5*x + 0*x = -2*t + 62, 4*t = 2*x + 124. Let a = 6 + 2. Calculate the remainder when t is divided by a.
7
Let q = 1 - -1. Suppose 4 = 2*k + q*k. What is the remainder when 1 is divided by k?
0
Suppose 6*p - 2*z - 5 = 3*p, 4*z = 5*p - 5. What is the remainder when 24 is divided by p?
4
Suppose -2*b = -o + 2*b + 99, -b = -5*o + 571. Calculate the remainder when o is divided by 29.
28
Suppose 101 = 5*z - 3*c, 5*z - 91 = -0*z - 2*c. Calculate the remainder when 54 is divided by z.
16
Suppose 93 = 5*n + 3*i, -4*i = 3*n - 33 - 14. What is the remainder when 60 is divided by n?
18
Let j = -1 - -7. Calculate the remainder when 17 is divided by j.
5
Suppose -9 + 82 = k. Calculate the remainder when k is divided by 25.
23
Let g = 0 - -2. Let q be (g - -1) + (-2 - -1). Let z = 0 + q. Calculate the remainder when 2 is divided by z.
0
Let p be (-3)/(-6)*1*10. Let t(f) be the second derivative of f**4/12 - f**3/2 - f**2/2 - 2*f. Calculate the remainder when 16 is divided by t(p).
7
Let r be ((-6)/8)/(2/(-8)). Suppose 18 = 4*w - 4*x - 10, 0 = w + r*x - 19. What is the remainder when 18 is divided by w?
8
What is the remainder when (1 - 11*-4)/(-2 - -3) is divided by (-23)/(-2) + 2/4?
9
Let n(k) = -17*k - 9. Let v be n(-4). Suppose -3 = 4*x - v. Calculate the remainder when 55 is divided by x.
13
Let p = -27 - -64. Suppose -2*s - 3*s + 2*l + 59 = 0, -3*s + 2*l = -p. Let c = -9 - -41. Calculate the remainder when c is divided by s.
10
Suppose 0 = -0*t - 5*t + 20. Suppose -47 = -3*v - t*o, v = -o + 12 + 2. What is the remainder when (136/(-16))/(2/(-4)) is divided by v?
8
Let f(h) = -h**2 - 3*h - 9. Let b be f(-6). Let n = 45 + b. What is the remainder when n is divided by 5?
3
Calculate the remainder when 6 is divided by 4/22 + (-100)/(-55).
0
What is the remainder when (-3)/(75/84 + -1) is divided by 15?
13
Suppose 0 = 4*l - 274 + 86. What is the remainder when l is divided by 24?
23
Let f(z) = 57*z**2 - z - 1. Let n be f(-1). Let j = n + -16. Calculate the remainder when j is divided by 11.
8
Let r(u) = -u**3 - 10*u**2 - 9*u + 2. Let i be r(-9). Suppose -4 = -2*k - i*k. What is the remainder when k is divided by 1?
0
Let j(o) = 2*o - 39. What is the remainder when 74 is divided by j(27)?
14
Let p(y) = -26*y - 4. Let r be p(4). Let x(l) = -7*l - 2. What is the remainder when x(-6) is divided by 2/4 + r/(-8)?
12
Let t(u) = 16*u - 62. Calculate the remainder when 82 is divided by t(5).
10
Suppose 11*u = -u + 156. Calculate the remainder when 34 + 5/(15/6) is divided by u.
10
Let v = -18 - -27. Suppose -j - 79 = -5*m, m + 62 = 5*m - 2*j. What is the remainder when m is divided by v?
7
Let t(w) = 4 + w + 0*w**2 - 3 + w**2. Calculate the remainder when 24 is divided by t(3).
11
Let j = -4 + 11. Let x(q) be the third derivative of -q**6/120 + q**5/10 + 5*q**4/12 - 7*q**3/6 - 8*q**2. What is the remainder when x(j) is divided by 5?
4
Let m(b) = -b**3 + 5*b**2 + 3*b - 6. Let s = 9 + -4. What is the remainder when (-346)/(-14) - (-8)/28 is divided by m(s)?
7
Suppose p - 5*c - 113 = 0, 0*c + c + 1 = 0. Calculate the remainder when p is divided by 22.
20
Suppose 50*x - 44*x - 450 = 0. What is the remainder when x is divided by 7?
5
Suppose -4*o = 4*u - 40, 2*o = -o - 2*u + 25. Suppose -o*n + 4*n + 2*w = 2, n - 4*w = 8. Let m = n + 28. What is the remainder when m is divided by 6?
4
Suppose 4*q = 7 + 1. Suppose 4*a + 44 = 2*c, -q*a - 4 = -0*a. Calculate the remainder when 51 is divided by c.
15
Let k = 24 - -8. Calculate the remainder when k is divided by 11.
10
Let n = -7 + 32. Let u be (-6)/27 + (-56)/(-9). Suppose 3*m = -u + 45. What is the remainder when n is divided by m?
12
Calculate the remainder when 46 is divided by (160/25)/(4/10).
14
Let a be (62/2)/1 + 2. Suppose -4*k = -5*b + a - 129, 2*k = 5*b + 58. Suppose 0 = -4*n - 4, -d - 5*n + 2 = -0. What is the remainder when k is divided by d?
5
Suppose n = 3*n - 76. Let h(d) = -d - 2. Let s be h(-2). Suppose k + k - n = s. Calculate the remainder when 37 is divided by k.
18
Suppose -4*m - 5 = o, 5*o - 31 = -4*m + 24. Let l(c) = c**3 + 8*c**2 + 8. What is the remainder when l(-7) is divided by o?
12
Let w(s) = 12*s**2 + s - 1. Let j be w(1). Suppose -i = -3 - j. What is the remainder when 42 is divided by i?
12
Suppose -3*f - 36 = -6*f. Suppose -2*i = -15 - 27. What is the remainder when i is divided by f?
9
Let v(p) = 4*p - 6. What is the remainder when 34 is divided by v(4)?
4
Suppose -1 = -q - 3. Let s = -1 - q. Calculate the remainder when ((-8)/(-6))/(10/15) is divided by s.
0
Let h = -31 - -54. Calculate the remainder when h is divided by 9.
5
Suppose 124 = c + c. Calculate the remainder when c is divided by 16.
14
Let s(c) = 4*c + 1. Suppose -37